{"id":9,"date":"2025-02-08T22:29:22","date_gmt":"2025-02-08T22:29:22","guid":{"rendered":"https:\/\/viseucityrace.coviseu-natura.pt\/2025\/?page_id=9"},"modified":"2025-03-27T21:59:02","modified_gmt":"2025-03-27T21:59:02","slug":"apresentacao","status":"publish","type":"page","link":"https:\/\/viseucityrace.coviseu-natura.pt\/2025\/apresentacao\/","title":{"rendered":"Apresenta\u00e7\u00e3o"},"content":{"rendered":"\n<p>O <strong>Viseu City Race<\/strong> regressa em <strong>2025<\/strong>, num evento que promete atrair participantes de todas as idades e de todo o pa\u00eds. O evento decorrer\u00e1 no pr\u00f3ximo dia 6 de abril e \u00e9 organizado pelo <strong>Clube Orienta\u00e7\u00e3o de Viseu<\/strong> &#8211;<strong> Natura<\/strong>, em colabora\u00e7\u00e3o com a <strong>C\u00e2mara Municipal de Viseu<\/strong> e a<strong> Federa\u00e7\u00e3o Portuguesa de Orienta\u00e7\u00e3o<\/strong>.<\/p>\n\n\n\n<p>Os participantes ter\u00e3o a oportunidade de explorar as ruas e parques de Viseu enquanto aprimoram as suas capacidades de leitura de mapa e praticam exerc\u00edcio f\u00edsico, seja de forma individual, em grupo ou em fam\u00edlia. A Orienta\u00e7\u00e3o \u00e9 uma atividade que combina o desafio f\u00edsico e mental, sendo o Viseu City Race um evento ideal n\u00e3o s\u00f3 para iniciantes que querem come\u00e7ar a pr\u00e1tica da modalidade, como tamb\u00e9m para experientes corredores que querem competir e ter desafios de navega\u00e7\u00e3o.<\/p>\n\n\n\n<p> Marque a data no seu calend\u00e1rio e venha desafiar-se e aproveitar a beleza da cidade ao mesmo tempo.<\/p>\n\n\n\n<figure class=\"wp-block-image size-full is-resized\"><img loading=\"lazy\" decoding=\"async\" width=\"707\" height=\"1000\" src=\"http:\/\/viseucityrace.coviseu-natura.pt\/2025\/wp-content\/uploads\/sites\/2\/2025\/03\/CityRaceViseu2025.jpg\" alt=\"\" class=\"wp-image-345\" style=\"width:581px;height:auto\" srcset=\"https:\/\/viseucityrace.coviseu-natura.pt\/2025\/wp-content\/uploads\/sites\/2\/2025\/03\/CityRaceViseu2025.jpg 707w, https:\/\/viseucityrace.coviseu-natura.pt\/2025\/wp-content\/uploads\/sites\/2\/2025\/03\/CityRaceViseu2025-212x300.jpg 212w\" sizes=\"auto, (max-width: 707px) 100vw, 707px\" \/><\/figure>\n\n\n\n<p><\/p>\n","protected":false},"excerpt":{"rendered":"<p>O Viseu City Race regressa em 2025, num evento que promete atrair participantes de todas as idades e de todo o pa\u00eds. O evento decorrer\u00e1 no pr\u00f3ximo dia 6 de abril e \u00e9 organizado pelo Clube Orienta\u00e7\u00e3o de Viseu &#8211; Natura, em colabora\u00e7\u00e3o com a C\u00e2mara Municipal de Viseu e a Federa\u00e7\u00e3o Portuguesa de Orienta\u00e7\u00e3o. &hellip; <\/p>\n<p class=\"link-more\"><a href=\"https:\/\/viseucityrace.coviseu-natura.pt\/2025\/apresentacao\/\" class=\"more-link\">Continuar a ler <span class=\"screen-reader-text\">&#8220;Apresenta\u00e7\u00e3o&#8221;<\/span><\/a><\/p>\n","protected":false},"author":4,"featured_media":0,"parent":0,"menu_order":0,"comment_status":"closed","ping_status":"closed","template":"","meta":{"footnotes":""},"class_list":["post-9","page","type-page","status-publish","hentry"],"_links":{"self":[{"href":"https:\/\/viseucityrace.coviseu-natura.pt\/2025\/wp-json\/wp\/v2\/pages\/9","targetHints":{"allow":["GET"]}}],"collection":[{"href":"https:\/\/viseucityrace.coviseu-natura.pt\/2025\/wp-json\/wp\/v2\/pages"}],"about":[{"href":"https:\/\/viseucityrace.coviseu-natura.pt\/2025\/wp-json\/wp\/v2\/types\/page"}],"author":[{"embeddable":true,"href":"https:\/\/viseucityrace.coviseu-natura.pt\/2025\/wp-json\/wp\/v2\/users\/4"}],"replies":[{"embeddable":true,"href":"https:\/\/viseucityrace.coviseu-natura.pt\/2025\/wp-json\/wp\/v2\/comments?post=9"}],"version-history":[{"count":9,"href":"https:\/\/viseucityrace.coviseu-natura.pt\/2025\/wp-json\/wp\/v2\/pages\/9\/revisions"}],"predecessor-version":[{"id":346,"href":"https:\/\/viseucityrace.coviseu-natura.pt\/2025\/wp-json\/wp\/v2\/pages\/9\/revisions\/346"}],"wp:attachment":[{"href":"https:\/\/viseucityrace.coviseu-natura.pt\/2025\/wp-json\/wp\/v2\/media?parent=9"}],"curies":[{"name":"wp","href":"https:\/\/api.w.org\/{rel}","templated":true}]}}

Apresentação

<p>O <strong>Viseu City Race</strong> regressa em <strong>2025</strong>, num evento que promete atrair participantes de todas as idades e de todo o país. O evento decorrerá no próximo dia 6 de abril e é organizado pelo <strong>Clube Orientação de Viseu</strong> &#8211;<strong> Natura</strong>, em colaboração com a <strong>Câmara Municipal de Viseu</strong> e a<strong> Federação Portuguesa de Orientação</strong>.</p>



<p>Os participantes terão a oportunidade de explorar as ruas e parques de Viseu enquanto aprimoram as suas capacidades de leitura de mapa e praticam exercício físico, seja de forma individual, em grupo ou em família. A Orientação é uma atividade que combina o desafio físico e mental, sendo o Viseu City Race um evento ideal não só para iniciantes que querem começar a prática da modalidade, como também para experientes corredores que querem competir e ter desafios de navegação.</p>



<p> Marque a data no seu calendário e venha desafiar-se e aproveitar a beleza da cidade ao mesmo tempo.</p>



<figure class="wp-block-image size-full is-resized"><img loading="lazy" decoding="async" width="707" height="1000" src="http://viseucityrace.coviseu-natura.pt/2025/wp-content/uploads/sites/2/2025/03/CityRaceViseu2025.jpg" alt="" class="wp-image-345" style="width:581px;height:auto" srcset="https://viseucityrace.coviseu-natura.pt/2025/wp-content/uploads/sites/2/2025/03/CityRaceViseu2025.jpg 707w, https://viseucityrace.coviseu-natura.pt/2025/wp-content/uploads/sites/2/2025/03/CityRaceViseu2025-212x300.jpg 212w" sizes="auto, (max-width: 707px) 100vw, 707px" /></figure>



<p></p>

<p>O Viseu City Race regressa em 2025, num evento que promete atrair participantes de todas as idades e de todo o país. O evento decorrerá no próximo dia 6 de abril e é organizado pelo Clube Orientação de Viseu &#8211; Natura, em colaboração com a Câmara Municipal de Viseu e a Federação Portuguesa de Orientação. &hellip; </p>
<p class="link-more"><a href="https://viseucityrace.coviseu-natura.pt/2025/apresentacao/" class="more-link">Continuar a ler <span class="screen-reader-text">&#8220;Apresentação&#8221;</span></a></p>
