{"id":46,"date":"2025-02-09T15:34:39","date_gmt":"2025-02-09T15:34:39","guid":{"rendered":"https:\/\/viseucityrace.coviseu-natura.pt\/2025\/?page_id=46"},"modified":"2025-02-14T21:57:36","modified_gmt":"2025-02-14T21:57:36","slug":"contactos-2","status":"publish","type":"page","link":"https:\/\/viseucityrace.coviseu-natura.pt\/2025\/contactos-2\/","title":{"rendered":"Contactos"},"content":{"rendered":"\n<h2 class=\"wp-block-heading\">Evento<\/h2>\n\n\n\n<p>&#8211; <strong>E-mail de evento:<\/strong>&nbsp;<a href=\"mailto:inscricoes@viseucityrace.coviseu-natura.pt\">coviseu@hotmail.com<\/a><br>&#8211; <strong>Facebook do Portugal City Race<\/strong>:&nbsp;<a href=\"https:\/\/www.facebook.com\/cityraceportugal\" target=\"_blank\" rel=\"noreferrer noopener\">https:\/\/www.facebook.com\/cityraceportugal<\/a><\/p>\n\n\n\n<p><strong>Clube de Orienta\u00e7\u00e3o de Viseu \u2013 Natura<\/strong><\/p>\n\n\n\n<p>&#8211; <strong>E-mail:<\/strong>&nbsp;<a href=\"mailto:coviseu@hotmail.com\">coviseu@hotmail.com<\/a><br>&#8211; <strong>Tel:<\/strong>&nbsp;(+351) 927 855 558<br>&#8211; <strong>P\u00e1gina&nbsp;<em>Web<\/em>:<\/strong><a href=\"https:\/\/www.coviseu-natura.pt\/\" target=\"_blank\" rel=\"noreferrer noopener\">&nbsp;https:\/\/www.coviseu-natura.pt<\/a><br>&#8211; <strong><em>Facebook:<\/em>&nbsp;<\/strong><a href=\"http:\/\/www.facebook.com\/coviseu\" target=\"_blank\" rel=\"noreferrer noopener\">http:\/\/www.facebook.com\/coviseu<\/a><\/p>\n\n\n\n<p><strong>&nbsp;<\/strong><br><strong>Federa\u00e7\u00e3o Portuguesa de Orienta\u00e7\u00e3o (FPO)<\/strong><\/p>\n\n\n\n<p>&#8211; <strong>E-mail:<\/strong>&nbsp;<a href=\"mailto:geral@fpo.pt\">geral@fpo.pt<\/a><br>&#8211; <strong>Tel:<\/strong>&nbsp;(+351) 244 575 074<br>&#8211; <strong>P\u00e1gina&nbsp;<em>Web<\/em>:<\/strong>&nbsp;<a href=\"http:\/\/www.fpo.pt\/\" target=\"_blank\" rel=\"noreferrer noopener\">http:\/\/www.fpo.pt<\/a><br>&#8211; <strong><em>Facebook<\/em>:&nbsp;<\/strong><a href=\"https:\/\/www.facebook.com\/fporientacao?fref=ts\" target=\"_blank\" rel=\"noreferrer noopener\">http:\/\/www.facebook.com\/fporientacao<\/a><\/p>\n\n\n\n<figure class=\"wp-block-image size-large\"><img loading=\"lazy\" decoding=\"async\" width=\"1024\" height=\"681\" src=\"https:\/\/viseucityrace.coviseu-natura.pt\/2025\/wp-content\/uploads\/sites\/2\/2025\/02\/66696436_2315029701865881_5010362659711746048_n-1024x681.jpg\" alt=\"\" class=\"wp-image-273\" srcset=\"https:\/\/viseucityrace.coviseu-natura.pt\/2025\/wp-content\/uploads\/sites\/2\/2025\/02\/66696436_2315029701865881_5010362659711746048_n-1024x681.jpg 1024w, https:\/\/viseucityrace.coviseu-natura.pt\/2025\/wp-content\/uploads\/sites\/2\/2025\/02\/66696436_2315029701865881_5010362659711746048_n-300x199.jpg 300w, https:\/\/viseucityrace.coviseu-natura.pt\/2025\/wp-content\/uploads\/sites\/2\/2025\/02\/66696436_2315029701865881_5010362659711746048_n-768x510.jpg 768w, https:\/\/viseucityrace.coviseu-natura.pt\/2025\/wp-content\/uploads\/sites\/2\/2025\/02\/66696436_2315029701865881_5010362659711746048_n-1536x1021.jpg 1536w, https:\/\/viseucityrace.coviseu-natura.pt\/2025\/wp-content\/uploads\/sites\/2\/2025\/02\/66696436_2315029701865881_5010362659711746048_n.jpg 2048w\" sizes=\"auto, (max-width: 767px) 89vw, (max-width: 1000px) 54vw, (max-width: 1071px) 543px, 580px\" \/><\/figure>\n","protected":false},"excerpt":{"rendered":"<p>Evento &#8211; E-mail de evento:&nbsp;coviseu@hotmail.com&#8211; Facebook do Portugal City Race:&nbsp;https:\/\/www.facebook.com\/cityraceportugal Clube de Orienta\u00e7\u00e3o de Viseu \u2013 Natura &#8211; E-mail:&nbsp;coviseu@hotmail.com&#8211; Tel:&nbsp;(+351) 927 855 558&#8211; P\u00e1gina&nbsp;Web:&nbsp;https:\/\/www.coviseu-natura.pt&#8211; Facebook:&nbsp;http:\/\/www.facebook.com\/coviseu &nbsp;Federa\u00e7\u00e3o Portuguesa de Orienta\u00e7\u00e3o (FPO) &#8211; E-mail:&nbsp;geral@fpo.pt&#8211; Tel:&nbsp;(+351) 244 575 074&#8211; P\u00e1gina&nbsp;Web:&nbsp;http:\/\/www.fpo.pt&#8211; Facebook:&nbsp;http:\/\/www.facebook.com\/fporientacao<\/p>\n","protected":false},"author":4,"featured_media":0,"parent":0,"menu_order":0,"comment_status":"closed","ping_status":"closed","template":"","meta":{"footnotes":""},"class_list":["post-46","page","type-page","status-publish","hentry"],"_links":{"self":[{"href":"https:\/\/viseucityrace.coviseu-natura.pt\/2025\/wp-json\/wp\/v2\/pages\/46","targetHints":{"allow":["GET"]}}],"collection":[{"href":"https:\/\/viseucityrace.coviseu-natura.pt\/2025\/wp-json\/wp\/v2\/pages"}],"about":[{"href":"https:\/\/viseucityrace.coviseu-natura.pt\/2025\/wp-json\/wp\/v2\/types\/page"}],"author":[{"embeddable":true,"href":"https:\/\/viseucityrace.coviseu-natura.pt\/2025\/wp-json\/wp\/v2\/users\/4"}],"replies":[{"embeddable":true,"href":"https:\/\/viseucityrace.coviseu-natura.pt\/2025\/wp-json\/wp\/v2\/comments?post=46"}],"version-history":[{"count":2,"href":"https:\/\/viseucityrace.coviseu-natura.pt\/2025\/wp-json\/wp\/v2\/pages\/46\/revisions"}],"predecessor-version":[{"id":274,"href":"https:\/\/viseucityrace.coviseu-natura.pt\/2025\/wp-json\/wp\/v2\/pages\/46\/revisions\/274"}],"wp:attachment":[{"href":"https:\/\/viseucityrace.coviseu-natura.pt\/2025\/wp-json\/wp\/v2\/media?parent=46"}],"curies":[{"name":"wp","href":"https:\/\/api.w.org\/{rel}","templated":true}]}}