{"id":13,"date":"2025-02-08T22:40:19","date_gmt":"2025-02-08T22:40:19","guid":{"rendered":"https:\/\/viseucityrace.coviseu-natura.pt\/2025\/?page_id=13"},"modified":"2025-04-04T18:16:40","modified_gmt":"2025-04-04T18:16:40","slug":"informacao-geral","status":"publish","type":"page","link":"https:\/\/viseucityrace.coviseu-natura.pt\/2025\/informacao-geral\/","title":{"rendered":"Informa\u00e7\u00e3o geral"},"content":{"rendered":"\n<p><strong>Diretor de Prova: <\/strong>Ricardo Lopes<br><strong>Vice-Diretor de Prova: <\/strong>Susana Almeida<br><strong>Tra\u00e7ador de Percursos:<\/strong> Rui Martins<\/p>\n\n\n\n<p><strong>Arena:<\/strong> <a href=\"https:\/\/viseucityrace.coviseu-natura.pt\/2025\/localizacoes\/\">Parque de Santiago<\/a><\/p>\n\n\n\n<p><strong>Secretariado:<\/strong> <a href=\"https:\/\/viseucityrace.coviseu-natura.pt\/2025\/localizacoes\/\">na arena<\/a><\/p>\n\n\n\n<p><strong>WC: <\/strong><a href=\"https:\/\/viseucityrace.coviseu-natura.pt\/2025\/localizacoes\/\">na arena<\/a><\/p>\n\n\n\n<p><strong>Estacionamento: <\/strong><a href=\"https:\/\/viseucityrace.coviseu-natura.pt\/2025\/localizacoes\/\">estacionamento p\u00fablico nas redondesas da arena<\/a><\/p>\n\n\n\n<p><strong>\u00c1gua chegadas: <\/strong>dispon\u00edvel em bebedouros p\u00fablicos (n\u00e3o haver\u00e3o garrafas nem copos) &#8211; reduzida pegada ecol\u00f3gia :).<\/p>\n\n\n\n<p><strong>Banhos:<\/strong> <a href=\"https:\/\/viseucityrace.coviseu-natura.pt\/2025\/localizacoes\/\">Piscinas Municipais de Viseu<\/a><\/p>\n\n\n\n<p><strong>Solo duro:<\/strong> n\u00e3o dispon\u00edvel. Para al\u00e9m de todo o alojamento que Viseu disp\u00f5e, o Oriented Aguiar disponibiliza alojamento low-cost no Centro de Est\u00e1gios de Aguiar da Beira. Mais informa\u00e7\u00f5es em: <a href=\"https:\/\/orientedaguiar.pt\/oarc2025\/#alojamento\">https:\/\/orientedaguiar.pt\/oarc2025\/#alojamento<\/a>. <\/p>\n\n\n\n<p><strong>Babysitting:<\/strong> N\u00e3o dispon\u00edvel. Os pais que necessitem de gerir os tempos de partida devem informar a organiza\u00e7\u00e3o no <strong>ato de inscri\u00e7\u00e3o<\/strong>.<\/p>\n\n\n\n<p><strong>Controlo Eletr\u00f3nico:<\/strong> <br>&#8211; O <strong>SPORTident<\/strong> \u00e9 o sistema de controlo eletr\u00f3nico usado nas provas da FPO.<br> &#8211; <strong>Ser\u00e1 atribu\u00eddo um SICard <\/strong>aos atletas que n\u00e3o indicarem o n\u00famero do SICard no ato da inscri\u00e7\u00e3o.<br>&#8211; Em caso de mau funcionamento da esta\u00e7\u00e3o SI dever\u00e3o ser picotados os quadrados de reserva existentes no mapa.<br>&#8211; Os SICards alugados dever\u00e3o ser devolvidos \u00e0 organiza\u00e7\u00e3o no final da participa\u00e7\u00e3o do atleta. A n\u00e3o devolu\u00e7\u00e3o ou perda do SICard implica o pagamento de uma taxa de 50\u20ac.<\/p>\n\n\n\n<p><strong>Seguro:<\/strong><br>Atletas federados na FPO e atletas n\u00e3o federados mas residentes em Portugal ou com nacionalidade portuguesa est\u00e3o cobertos pelo seguro da FPO (estes \u00faltimo dever\u00e3o fornecer todos os dados requeridos aquando da inscri\u00e7\u00e3o).<\/p>\n\n\n\n<p><strong>Recolha de mapas:<\/strong><br>N\u00e3o haver\u00e1 recolha de mapas. Apela-se ao&nbsp;<em>Fair-Play<\/em>&nbsp;de todos os participantes para que n\u00e3o haja troca de informa\u00e7\u00f5es referentes aos percursos.<\/p>\n\n\n\n<p><strong>Pr\u00e9mios<\/strong>: <br>Para os tr\u00eas primeiros de cada categoria de competi\u00e7\u00e3o e escal\u00f5es abertos. Lembran\u00e7as para o escal\u00e3o de Forma\u00e7\u00e3o.<\/p>\n\n\n\n<figure class=\"wp-block-image size-large\"><img loading=\"lazy\" decoding=\"async\" width=\"1024\" height=\"683\" src=\"https:\/\/viseucityrace.coviseu-natura.pt\/2025\/wp-content\/uploads\/sites\/2\/2025\/02\/66479864_2315026978532820_7564405738697654272_n-1024x683.jpg\" alt=\"\" class=\"wp-image-268\" srcset=\"https:\/\/viseucityrace.coviseu-natura.pt\/2025\/wp-content\/uploads\/sites\/2\/2025\/02\/66479864_2315026978532820_7564405738697654272_n-1024x683.jpg 1024w, https:\/\/viseucityrace.coviseu-natura.pt\/2025\/wp-content\/uploads\/sites\/2\/2025\/02\/66479864_2315026978532820_7564405738697654272_n-300x200.jpg 300w, https:\/\/viseucityrace.coviseu-natura.pt\/2025\/wp-content\/uploads\/sites\/2\/2025\/02\/66479864_2315026978532820_7564405738697654272_n-768x512.jpg 768w, https:\/\/viseucityrace.coviseu-natura.pt\/2025\/wp-content\/uploads\/sites\/2\/2025\/02\/66479864_2315026978532820_7564405738697654272_n-1536x1024.jpg 1536w, https:\/\/viseucityrace.coviseu-natura.pt\/2025\/wp-content\/uploads\/sites\/2\/2025\/02\/66479864_2315026978532820_7564405738697654272_n.jpg 2048w\" sizes=\"auto, (max-width: 767px) 89vw, (max-width: 1000px) 54vw, (max-width: 1071px) 543px, 580px\" \/><\/figure>\n\n\n\n<p><\/p>\n","protected":false},"excerpt":{"rendered":"<p>Diretor de Prova: Ricardo LopesVice-Diretor de Prova: Susana AlmeidaTra\u00e7ador de Percursos: Rui Martins Arena: Parque de Santiago Secretariado: na arena WC: na arena Estacionamento: estacionamento p\u00fablico nas redondesas da arena \u00c1gua chegadas: dispon\u00edvel em bebedouros p\u00fablicos (n\u00e3o haver\u00e3o garrafas nem copos) &#8211; reduzida pegada ecol\u00f3gia :). Banhos: Piscinas Municipais de Viseu Solo duro: n\u00e3o dispon\u00edvel. &hellip; <\/p>\n<p class=\"link-more\"><a href=\"https:\/\/viseucityrace.coviseu-natura.pt\/2025\/informacao-geral\/\" class=\"more-link\">Continuar a ler <span class=\"screen-reader-text\">&#8220;Informa\u00e7\u00e3o geral&#8221;<\/span><\/a><\/p>\n","protected":false},"author":4,"featured_media":0,"parent":0,"menu_order":0,"comment_status":"closed","ping_status":"closed","template":"","meta":{"footnotes":""},"class_list":["post-13","page","type-page","status-publish","hentry"],"_links":{"self":[{"href":"https:\/\/viseucityrace.coviseu-natura.pt\/2025\/wp-json\/wp\/v2\/pages\/13","targetHints":{"allow":["GET"]}}],"collection":[{"href":"https:\/\/viseucityrace.coviseu-natura.pt\/2025\/wp-json\/wp\/v2\/pages"}],"about":[{"href":"https:\/\/viseucityrace.coviseu-natura.pt\/2025\/wp-json\/wp\/v2\/types\/page"}],"author":[{"embeddable":true,"href":"https:\/\/viseucityrace.coviseu-natura.pt\/2025\/wp-json\/wp\/v2\/users\/4"}],"replies":[{"embeddable":true,"href":"https:\/\/viseucityrace.coviseu-natura.pt\/2025\/wp-json\/wp\/v2\/comments?post=13"}],"version-history":[{"count":12,"href":"https:\/\/viseucityrace.coviseu-natura.pt\/2025\/wp-json\/wp\/v2\/pages\/13\/revisions"}],"predecessor-version":[{"id":367,"href":"https:\/\/viseucityrace.coviseu-natura.pt\/2025\/wp-json\/wp\/v2\/pages\/13\/revisions\/367"}],"wp:attachment":[{"href":"https:\/\/viseucityrace.coviseu-natura.pt\/2025\/wp-json\/wp\/v2\/media?parent=13"}],"curies":[{"name":"wp","href":"https:\/\/api.w.org\/{rel}","templated":true}]}}