{"id":11,"date":"2025-02-08T22:43:06","date_gmt":"2025-02-08T22:43:06","guid":{"rendered":"https:\/\/viseucityrace.coviseu-natura.pt\/2025\/?page_id=11"},"modified":"2025-03-31T22:48:29","modified_gmt":"2025-03-31T22:48:29","slug":"programa","status":"publish","type":"page","link":"https:\/\/viseucityrace.coviseu-natura.pt\/2025\/programa\/","title":{"rendered":"Programa"},"content":{"rendered":"\n<p><s><strong>31 de mar\u00e7o (segunda)<\/strong><\/s><br><strong>1 de abril (ter\u00e7a)<\/strong><s><br><\/s>Fecho das inscri\u00e7\u00f5es nos escal\u00f5es de competi\u00e7\u00e3o<br>As inscri\u00e7\u00f5es em escal\u00f5es abertos e tur\u00edstico est\u00e3o dispon\u00edveis at\u00e9 ao dia do evento\u00a0<strong>mas sujeitas \u00e0 disponibilidade de mapas<\/strong><\/p>\n\n\n\n<p><strong>04 de abril<\/strong> <strong>(sexta)<\/strong><br>Divulga\u00e7\u00e3o das horas de partida<\/p>\n\n\n\n<p><strong>6&nbsp;de abril&nbsp;(domingo)<br>08:30:<\/strong>&nbsp;Abertura do secretariado<br><strong>10:00:<\/strong>&nbsp;In\u00edcio das partidas<br><strong>13:00:&nbsp;<\/strong>Entrega de pr\u00e9mios<\/p>\n\n\n\n<hr class=\"wp-block-separator has-alpha-channel-opacity\"\/>\n\n\n\n<p><strong>5&nbsp;de abril&nbsp;(s\u00e1bado)<br><\/strong>Aproveita o fim de semana e participa tamb\u00e9m no<a href=\"https:\/\/orientedaguiar.pt\/\" data-type=\"link\" data-id=\"https:\/\/orientedaguiar.pt\/\"> Oriented Aguiar Rogaine Challenge.<\/a> Um desafio complementar ao Viseu City Race. <\/p>\n\n\n\n<figure class=\"wp-block-image size-large\"><a href=\"https:\/\/orientedaguiar.pt\/\"><img decoding=\"async\" src=\"https:\/\/orientedaguiar.pt\/wp-content\/uploads\/2024\/12\/Banner-site-Oriented-Aguiar-Rogaine-Challenge-2025_page-0001-1.jpg\" alt=\"\"\/><\/a><\/figure>\n\n\n\n<figure class=\"wp-block-image size-large\"><img loading=\"lazy\" decoding=\"async\" width=\"1024\" height=\"683\" src=\"https:\/\/viseucityrace.coviseu-natura.pt\/2025\/wp-content\/uploads\/sites\/2\/2025\/02\/381077096_807055691421936_2683796791608263082_n-1024x683.jpg\" alt=\"\" class=\"wp-image-275\" srcset=\"https:\/\/viseucityrace.coviseu-natura.pt\/2025\/wp-content\/uploads\/sites\/2\/2025\/02\/381077096_807055691421936_2683796791608263082_n-1024x683.jpg 1024w, https:\/\/viseucityrace.coviseu-natura.pt\/2025\/wp-content\/uploads\/sites\/2\/2025\/02\/381077096_807055691421936_2683796791608263082_n-300x200.jpg 300w, https:\/\/viseucityrace.coviseu-natura.pt\/2025\/wp-content\/uploads\/sites\/2\/2025\/02\/381077096_807055691421936_2683796791608263082_n-768x512.jpg 768w, https:\/\/viseucityrace.coviseu-natura.pt\/2025\/wp-content\/uploads\/sites\/2\/2025\/02\/381077096_807055691421936_2683796791608263082_n-1536x1024.jpg 1536w, https:\/\/viseucityrace.coviseu-natura.pt\/2025\/wp-content\/uploads\/sites\/2\/2025\/02\/381077096_807055691421936_2683796791608263082_n.jpg 2048w\" sizes=\"auto, (max-width: 767px) 89vw, (max-width: 1000px) 54vw, (max-width: 1071px) 543px, 580px\" \/><\/figure>\n","protected":false},"excerpt":{"rendered":"<p>31 de mar\u00e7o (segunda)1 de abril (ter\u00e7a)Fecho das inscri\u00e7\u00f5es nos escal\u00f5es de competi\u00e7\u00e3oAs inscri\u00e7\u00f5es em escal\u00f5es abertos e tur\u00edstico est\u00e3o dispon\u00edveis at\u00e9 ao dia do evento\u00a0mas sujeitas \u00e0 disponibilidade de mapas 04 de abril (sexta)Divulga\u00e7\u00e3o das horas de partida 6&nbsp;de abril&nbsp;(domingo)08:30:&nbsp;Abertura do secretariado10:00:&nbsp;In\u00edcio das partidas13:00:&nbsp;Entrega de pr\u00e9mios 5&nbsp;de abril&nbsp;(s\u00e1bado)Aproveita o fim de semana e participa &hellip; <\/p>\n<p class=\"link-more\"><a href=\"https:\/\/viseucityrace.coviseu-natura.pt\/2025\/programa\/\" class=\"more-link\">Continuar a ler <span class=\"screen-reader-text\">&#8220;Programa&#8221;<\/span><\/a><\/p>\n","protected":false},"author":1,"featured_media":0,"parent":0,"menu_order":0,"comment_status":"closed","ping_status":"closed","template":"","meta":{"footnotes":""},"class_list":["post-11","page","type-page","status-publish","hentry"],"_links":{"self":[{"href":"https:\/\/viseucityrace.coviseu-natura.pt\/2025\/wp-json\/wp\/v2\/pages\/11","targetHints":{"allow":["GET"]}}],"collection":[{"href":"https:\/\/viseucityrace.coviseu-natura.pt\/2025\/wp-json\/wp\/v2\/pages"}],"about":[{"href":"https:\/\/viseucityrace.coviseu-natura.pt\/2025\/wp-json\/wp\/v2\/types\/page"}],"author":[{"embeddable":true,"href":"https:\/\/viseucityrace.coviseu-natura.pt\/2025\/wp-json\/wp\/v2\/users\/1"}],"replies":[{"embeddable":true,"href":"https:\/\/viseucityrace.coviseu-natura.pt\/2025\/wp-json\/wp\/v2\/comments?post=11"}],"version-history":[{"count":9,"href":"https:\/\/viseucityrace.coviseu-natura.pt\/2025\/wp-json\/wp\/v2\/pages\/11\/revisions"}],"predecessor-version":[{"id":351,"href":"https:\/\/viseucityrace.coviseu-natura.pt\/2025\/wp-json\/wp\/v2\/pages\/11\/revisions\/351"}],"wp:attachment":[{"href":"https:\/\/viseucityrace.coviseu-natura.pt\/2025\/wp-json\/wp\/v2\/media?parent=11"}],"curies":[{"name":"wp","href":"https:\/\/api.w.org\/{rel}","templated":true}]}}